{"id":100,"date":"2026-02-19T14:40:05","date_gmt":"2026-02-19T14:40:05","guid":{"rendered":"http:\/\/trailpompertuzat.com\/?page_id=100"},"modified":"2026-04-08T09:37:43","modified_gmt":"2026-04-08T09:37:43","slug":"la-commemoration-du-8-mai-a-pompertuzat","status":"publish","type":"page","link":"https:\/\/trailpompertuzat.com\/?page_id=100","title":{"rendered":"La comm\u00e9moration du 8 mai \u00e0 Pompertuzat"},"content":{"rendered":"\n<p>Le <strong>Challenge du Souvenir et de la Paix<\/strong> tire son nom et son sens de la comm\u00e9moration du <strong>8 mai<\/strong>, date historique de la fin de la Seconde Guerre mondiale en Europe.<\/p>\n\n\n\n<p>Chaque ann\u00e9e, la <strong>mairie de Pompertuzat<\/strong> organise des c\u00e9r\u00e9monies pour honorer la m\u00e9moire de ceux qui ont contribu\u00e9 \u00e0 la paix et \u00e0 la libert\u00e9. Ces moments solennels et rassembleurs refl\u00e8tent des valeurs ch\u00e8res \u00e0 notre trail : <strong>m\u00e9moire, respect et solidarit\u00e9<\/strong>.<\/p>\n\n\n\n<p>Le trail s\u2019inscrit dans cette tradition locale et permet \u00e0 tous les participants, coureurs et b\u00e9n\u00e9voles, de vivre une journ\u00e9e qui conjugue <strong>sport, convivialit\u00e9 et hommage<\/strong>.<\/p>\n\n\n\n<p>La c\u00e9r\u00e9monie d\u00e9bute \u00e0 la fin des diff\u00e9rentes courses.<\/p>\n\n\n\n<figure class=\"wp-block-image size-large\"><img loading=\"lazy\" decoding=\"async\" width=\"768\" height=\"1024\" src=\"https:\/\/trailpompertuzat.com\/wp-content\/uploads\/2026\/04\/20250508_115517-768x1024.jpg\" alt=\"\" class=\"wp-image-303\" srcset=\"https:\/\/trailpompertuzat.com\/wp-content\/uploads\/2026\/04\/20250508_115517-768x1024.jpg 768w, https:\/\/trailpompertuzat.com\/wp-content\/uploads\/2026\/04\/20250508_115517-225x300.jpg 225w, https:\/\/trailpompertuzat.com\/wp-content\/uploads\/2026\/04\/20250508_115517-1152x1536.jpg 1152w, https:\/\/trailpompertuzat.com\/wp-content\/uploads\/2026\/04\/20250508_115517-1536x2048.jpg 1536w, https:\/\/trailpompertuzat.com\/wp-content\/uploads\/2026\/04\/20250508_115517-scaled.jpg 1920w\" sizes=\"auto, (max-width: 768px) 100vw, 768px\" \/><\/figure>\n","protected":false},"excerpt":{"rendered":"<p>Le Challenge du Souvenir et de la Paix tire son nom et son sens de la comm\u00e9moration du 8 mai, date historique de la fin de la Seconde Guerre mondiale en Europe. Chaque ann\u00e9e, la mairie de Pompertuzat organise des c\u00e9r\u00e9monies pour honorer la m\u00e9moire de ceux qui ont contribu\u00e9 \u00e0 la paix et \u00e0 [&hellip;]<\/p>\n","protected":false},"author":1,"featured_media":303,"parent":0,"menu_order":0,"comment_status":"closed","ping_status":"closed","template":"","meta":{"footnotes":""},"class_list":["post-100","page","type-page","status-publish","has-post-thumbnail","hentry"],"yoast_head":"<!-- This site is optimized with the Yoast SEO plugin v27.3 - https:\/\/yoast.com\/product\/yoast-seo-wordpress\/ -->\n<title>La comm\u00e9moration du 8 mai \u00e0 Pompertuzat - Challenge du souvenir et de la paix Pompertuzat<\/title>\n<meta name=\"robots\" content=\"index, follow, max-snippet:-1, max-image-preview:large, max-video-preview:-1\" \/>\n<link rel=\"canonical\" href=\"https:\/\/trailpompertuzat.com\/?page_id=100\" \/>\n<meta property=\"og:locale\" content=\"fr_FR\" \/>\n<meta property=\"og:type\" content=\"article\" \/>\n<meta property=\"og:title\" content=\"La comm\u00e9moration du 8 mai \u00e0 Pompertuzat - Challenge du souvenir et de la paix Pompertuzat\" \/>\n<meta property=\"og:description\" content=\"Le Challenge du Souvenir et de la Paix tire son nom et son sens de la comm\u00e9moration du 8 mai, date historique de la fin de la Seconde Guerre mondiale en Europe. Chaque ann\u00e9e, la mairie de Pompertuzat organise des c\u00e9r\u00e9monies pour honorer la m\u00e9moire de ceux qui ont contribu\u00e9 \u00e0 la paix et \u00e0 [&hellip;]\" \/>\n<meta property=\"og:url\" content=\"https:\/\/trailpompertuzat.com\/?page_id=100\" \/>\n<meta property=\"og:site_name\" content=\"Challenge du souvenir et de la paix Pompertuzat\" \/>\n<meta property=\"article:publisher\" content=\"https:\/\/www.facebook.com\/groups\/2946963695611988\/\" \/>\n<meta property=\"article:modified_time\" content=\"2026-04-08T09:37:43+00:00\" \/>\n<meta property=\"og:image\" content=\"https:\/\/trailpompertuzat.com\/wp-content\/uploads\/2026\/04\/20250508_115517-scaled.jpg\" \/>\n\t<meta property=\"og:image:width\" content=\"1920\" \/>\n\t<meta property=\"og:image:height\" content=\"2560\" \/>\n\t<meta property=\"og:image:type\" content=\"image\/jpeg\" \/>\n<meta name=\"twitter:card\" content=\"summary_large_image\" \/>\n<meta name=\"twitter:label1\" content=\"Dur\u00e9e de lecture estim\u00e9e\" \/>\n\t<meta name=\"twitter:data1\" content=\"1 minute\" \/>\n<script type=\"application\/ld+json\" class=\"yoast-schema-graph\">{\"@context\":\"https:\\\/\\\/schema.org\",\"@graph\":[{\"@type\":\"WebPage\",\"@id\":\"https:\\\/\\\/trailpompertuzat.com\\\/?page_id=100\",\"url\":\"https:\\\/\\\/trailpompertuzat.com\\\/?page_id=100\",\"name\":\"La comm\u00e9moration du 8 mai \u00e0 Pompertuzat - Challenge du souvenir et de la paix Pompertuzat\",\"isPartOf\":{\"@id\":\"https:\\\/\\\/trailpompertuzat.com\\\/#website\"},\"primaryImageOfPage\":{\"@id\":\"https:\\\/\\\/trailpompertuzat.com\\\/?page_id=100#primaryimage\"},\"image\":{\"@id\":\"https:\\\/\\\/trailpompertuzat.com\\\/?page_id=100#primaryimage\"},\"thumbnailUrl\":\"https:\\\/\\\/trailpompertuzat.com\\\/wp-content\\\/uploads\\\/2026\\\/04\\\/20250508_115517-scaled.jpg\",\"datePublished\":\"2026-02-19T14:40:05+00:00\",\"dateModified\":\"2026-04-08T09:37:43+00:00\",\"breadcrumb\":{\"@id\":\"https:\\\/\\\/trailpompertuzat.com\\\/?page_id=100#breadcrumb\"},\"inLanguage\":\"fr-FR\",\"potentialAction\":[{\"@type\":\"ReadAction\",\"target\":[\"https:\\\/\\\/trailpompertuzat.com\\\/?page_id=100\"]}]},{\"@type\":\"ImageObject\",\"inLanguage\":\"fr-FR\",\"@id\":\"https:\\\/\\\/trailpompertuzat.com\\\/?page_id=100#primaryimage\",\"url\":\"https:\\\/\\\/trailpompertuzat.com\\\/wp-content\\\/uploads\\\/2026\\\/04\\\/20250508_115517-scaled.jpg\",\"contentUrl\":\"https:\\\/\\\/trailpompertuzat.com\\\/wp-content\\\/uploads\\\/2026\\\/04\\\/20250508_115517-scaled.jpg\",\"width\":1920,\"height\":2560},{\"@type\":\"BreadcrumbList\",\"@id\":\"https:\\\/\\\/trailpompertuzat.com\\\/?page_id=100#breadcrumb\",\"itemListElement\":[{\"@type\":\"ListItem\",\"position\":1,\"name\":\"Accueil\",\"item\":\"https:\\\/\\\/trailpompertuzat.com\\\/\"},{\"@type\":\"ListItem\",\"position\":2,\"name\":\"La comm\u00e9moration du 8 mai \u00e0 Pompertuzat\"}]},{\"@type\":\"WebSite\",\"@id\":\"https:\\\/\\\/trailpompertuzat.com\\\/#website\",\"url\":\"https:\\\/\\\/trailpompertuzat.com\\\/\",\"name\":\"Challenge du souvenir et de la paix - Trail de Pompertuzat\",\"description\":\"Trail de Pompertuzat\",\"publisher\":{\"@id\":\"https:\\\/\\\/trailpompertuzat.com\\\/#organization\"},\"potentialAction\":[{\"@type\":\"SearchAction\",\"target\":{\"@type\":\"EntryPoint\",\"urlTemplate\":\"https:\\\/\\\/trailpompertuzat.com\\\/?s={search_term_string}\"},\"query-input\":{\"@type\":\"PropertyValueSpecification\",\"valueRequired\":true,\"valueName\":\"search_term_string\"}}],\"inLanguage\":\"fr-FR\"},{\"@type\":\"Organization\",\"@id\":\"https:\\\/\\\/trailpompertuzat.com\\\/#organization\",\"name\":\"Challenge du souvenir et de la paix Pompertuzat\",\"url\":\"https:\\\/\\\/trailpompertuzat.com\\\/\",\"logo\":{\"@type\":\"ImageObject\",\"inLanguage\":\"fr-FR\",\"@id\":\"https:\\\/\\\/trailpompertuzat.com\\\/#\\\/schema\\\/logo\\\/image\\\/\",\"url\":\"http:\\\/\\\/trailpompertuzat.com\\\/wp-content\\\/uploads\\\/2026\\\/02\\\/Logo-Challenge-du-souvenir-et-de-la-paix-fond-blanc.png\",\"contentUrl\":\"http:\\\/\\\/trailpompertuzat.com\\\/wp-content\\\/uploads\\\/2026\\\/02\\\/Logo-Challenge-du-souvenir-et-de-la-paix-fond-blanc.png\",\"width\":2000,\"height\":2000,\"caption\":\"Challenge du souvenir et de la paix Pompertuzat\"},\"image\":{\"@id\":\"https:\\\/\\\/trailpompertuzat.com\\\/#\\\/schema\\\/logo\\\/image\\\/\"},\"sameAs\":[\"https:\\\/\\\/www.facebook.com\\\/groups\\\/2946963695611988\\\/\"]}]}<\/script>\n<!-- \/ Yoast SEO plugin. -->","yoast_head_json":{"title":"La comm\u00e9moration du 8 mai \u00e0 Pompertuzat - Challenge du souvenir et de la paix Pompertuzat","robots":{"index":"index","follow":"follow","max-snippet":"max-snippet:-1","max-image-preview":"max-image-preview:large","max-video-preview":"max-video-preview:-1"},"canonical":"https:\/\/trailpompertuzat.com\/?page_id=100","og_locale":"fr_FR","og_type":"article","og_title":"La comm\u00e9moration du 8 mai \u00e0 Pompertuzat - Challenge du souvenir et de la paix Pompertuzat","og_description":"Le Challenge du Souvenir et de la Paix tire son nom et son sens de la comm\u00e9moration du 8 mai, date historique de la fin de la Seconde Guerre mondiale en Europe. Chaque ann\u00e9e, la mairie de Pompertuzat organise des c\u00e9r\u00e9monies pour honorer la m\u00e9moire de ceux qui ont contribu\u00e9 \u00e0 la paix et \u00e0 [&hellip;]","og_url":"https:\/\/trailpompertuzat.com\/?page_id=100","og_site_name":"Challenge du souvenir et de la paix Pompertuzat","article_publisher":"https:\/\/www.facebook.com\/groups\/2946963695611988\/","article_modified_time":"2026-04-08T09:37:43+00:00","og_image":[{"width":1920,"height":2560,"url":"https:\/\/trailpompertuzat.com\/wp-content\/uploads\/2026\/04\/20250508_115517-scaled.jpg","type":"image\/jpeg"}],"twitter_card":"summary_large_image","twitter_misc":{"Dur\u00e9e de lecture estim\u00e9e":"1 minute"},"schema":{"@context":"https:\/\/schema.org","@graph":[{"@type":"WebPage","@id":"https:\/\/trailpompertuzat.com\/?page_id=100","url":"https:\/\/trailpompertuzat.com\/?page_id=100","name":"La comm\u00e9moration du 8 mai \u00e0 Pompertuzat - Challenge du souvenir et de la paix Pompertuzat","isPartOf":{"@id":"https:\/\/trailpompertuzat.com\/#website"},"primaryImageOfPage":{"@id":"https:\/\/trailpompertuzat.com\/?page_id=100#primaryimage"},"image":{"@id":"https:\/\/trailpompertuzat.com\/?page_id=100#primaryimage"},"thumbnailUrl":"https:\/\/trailpompertuzat.com\/wp-content\/uploads\/2026\/04\/20250508_115517-scaled.jpg","datePublished":"2026-02-19T14:40:05+00:00","dateModified":"2026-04-08T09:37:43+00:00","breadcrumb":{"@id":"https:\/\/trailpompertuzat.com\/?page_id=100#breadcrumb"},"inLanguage":"fr-FR","potentialAction":[{"@type":"ReadAction","target":["https:\/\/trailpompertuzat.com\/?page_id=100"]}]},{"@type":"ImageObject","inLanguage":"fr-FR","@id":"https:\/\/trailpompertuzat.com\/?page_id=100#primaryimage","url":"https:\/\/trailpompertuzat.com\/wp-content\/uploads\/2026\/04\/20250508_115517-scaled.jpg","contentUrl":"https:\/\/trailpompertuzat.com\/wp-content\/uploads\/2026\/04\/20250508_115517-scaled.jpg","width":1920,"height":2560},{"@type":"BreadcrumbList","@id":"https:\/\/trailpompertuzat.com\/?page_id=100#breadcrumb","itemListElement":[{"@type":"ListItem","position":1,"name":"Accueil","item":"https:\/\/trailpompertuzat.com\/"},{"@type":"ListItem","position":2,"name":"La comm\u00e9moration du 8 mai \u00e0 Pompertuzat"}]},{"@type":"WebSite","@id":"https:\/\/trailpompertuzat.com\/#website","url":"https:\/\/trailpompertuzat.com\/","name":"Challenge du souvenir et de la paix - Trail de Pompertuzat","description":"Trail de Pompertuzat","publisher":{"@id":"https:\/\/trailpompertuzat.com\/#organization"},"potentialAction":[{"@type":"SearchAction","target":{"@type":"EntryPoint","urlTemplate":"https:\/\/trailpompertuzat.com\/?s={search_term_string}"},"query-input":{"@type":"PropertyValueSpecification","valueRequired":true,"valueName":"search_term_string"}}],"inLanguage":"fr-FR"},{"@type":"Organization","@id":"https:\/\/trailpompertuzat.com\/#organization","name":"Challenge du souvenir et de la paix Pompertuzat","url":"https:\/\/trailpompertuzat.com\/","logo":{"@type":"ImageObject","inLanguage":"fr-FR","@id":"https:\/\/trailpompertuzat.com\/#\/schema\/logo\/image\/","url":"http:\/\/trailpompertuzat.com\/wp-content\/uploads\/2026\/02\/Logo-Challenge-du-souvenir-et-de-la-paix-fond-blanc.png","contentUrl":"http:\/\/trailpompertuzat.com\/wp-content\/uploads\/2026\/02\/Logo-Challenge-du-souvenir-et-de-la-paix-fond-blanc.png","width":2000,"height":2000,"caption":"Challenge du souvenir et de la paix Pompertuzat"},"image":{"@id":"https:\/\/trailpompertuzat.com\/#\/schema\/logo\/image\/"},"sameAs":["https:\/\/www.facebook.com\/groups\/2946963695611988\/"]}]}},"_links":{"self":[{"href":"https:\/\/trailpompertuzat.com\/index.php?rest_route=\/wp\/v2\/pages\/100","targetHints":{"allow":["GET"]}}],"collection":[{"href":"https:\/\/trailpompertuzat.com\/index.php?rest_route=\/wp\/v2\/pages"}],"about":[{"href":"https:\/\/trailpompertuzat.com\/index.php?rest_route=\/wp\/v2\/types\/page"}],"author":[{"embeddable":true,"href":"https:\/\/trailpompertuzat.com\/index.php?rest_route=\/wp\/v2\/users\/1"}],"replies":[{"embeddable":true,"href":"https:\/\/trailpompertuzat.com\/index.php?rest_route=%2Fwp%2Fv2%2Fcomments&post=100"}],"version-history":[{"count":2,"href":"https:\/\/trailpompertuzat.com\/index.php?rest_route=\/wp\/v2\/pages\/100\/revisions"}],"predecessor-version":[{"id":306,"href":"https:\/\/trailpompertuzat.com\/index.php?rest_route=\/wp\/v2\/pages\/100\/revisions\/306"}],"wp:featuredmedia":[{"embeddable":true,"href":"https:\/\/trailpompertuzat.com\/index.php?rest_route=\/wp\/v2\/media\/303"}],"wp:attachment":[{"href":"https:\/\/trailpompertuzat.com\/index.php?rest_route=%2Fwp%2Fv2%2Fmedia&parent=100"}],"curies":[{"name":"wp","href":"https:\/\/api.w.org\/{rel}","templated":true}]}}